749954?
9
What is the tens digit of 51033?
3
What is the units digit of 327381?
1
What is the ten thousands digit of 218069?
1
What is the ten thousands digit of 102807?
0
What is the millions digit of 3608138?
3
What is the hundreds digit of 6195448?
4
What is the hundreds digit of 655980?
9
What is the thousands digit of 376234?
6
What is the thousands digit of 1498459?
8
What is the ten millions digit of 19752507?
1
What is the tens digit of 482932?
3
What is the thousands digit of 1266683?
6
What is the thousands digit of 83802?
3
What is the thousands digit of 204979?
4
What is the hundred thousands digit of 258946?
2
What is the thousands digit of 2399761?
9
What is the ten thousands digit of 729718?
2
What is the hundreds digit of 187983?
9
What is the units digit of 6141?
1
What is the ten thousands digit of 1310931?
1
What is the tens digit of 112364?
6
What is the tens digit of 10264066?
6
What is the ten thousands digit of 189375?
8
What is the tens digit of 971971?
7
What is the thousands digit of 5749686?
9
What is the thousands digit of 241196?
1
What is the units digit of 8786182?
2
What is the hundreds digit of 12207497?
4
What is the tens digit of 15427546?
4
What is the tens digit of 370304?
0
What is the units digit of 899923?
3
What is the thousands digit of 181293?
1
What is the hundreds digit of 192252?
2
What is the millions digit of 2752679?
2
What is the units digit of 397162?
2
What is the hundred thousands digit of 316286?
3
What is the units digit of 17032090?
0
What is the hundreds digit of 335570?
5
What is the thousands digit of 94947?
4
What is the units digit of 23830056?
6
What is the hundreds digit of 1448037?
0
What is the ten thousands digit of 59157?
5
What is the hundreds digit of 1159815?
8
What is the ten thousands digit of 2053861?
5
What is the units digit of 5261530?
0
What is the units digit of 40978?
8
What is the units digit of 51969?
9
What is the hundred thousands digit of 318227?
3
What is the tens digit of 6260630?
3
What is the tens digit of 1275397?
9
What is the hundred thousands digit of 18113763?
1
What is the thousands digit of 1885964?
5
What is the units digit of 9665102?
2
What is the tens digit of 1005122?
2
What is the hundreds digit of 6227152?
1
What is the units digit of 304357?
7
What is the hundred thousands digit of 4718790?
7
What is the tens digit of 303559?
5
What is the units digit of 1174435?
5
What is the ten thousands digit of 33601108?
0
What is the ten thousands digit of 1091823?
9
What is the thousands digit of 123414?
3
What is the ten thousands digit of 17133578?
3
What is the thousands digit of 862177?
2
What is the units digit of 2916515?
5
What is the ten thousands digit of 30871197?
7
What is the tens digit of 346630?
3
What is the millions digit of 2187896?
2
What is the ten thousands digit of 570758?
7
What is the thousands digit of 87768?
7
What is the hundreds digit of 602839?
8
What is the units digit of 3825681?
1
What is the thousands digit of 6523918?
3
What is the millions digit of 33119226?
3
What is the ten thousands digit of 2314470?
1
What is the thousands digit of 7619850?
9
What is the thousands digit of 1376801?
6
What is the ten thousands digit of 1294165?
9
What is the hundreds digit of 758061?
0
What is the hundred thousands digit of 2112196?
1
What is the hundreds digit of 114763?
7
What is the hundreds digit of 833178?
1
What is the tens digit of 3496639?
3
What is the units digit of 240722?
2
What is the units digit of 409438?
8
What is the thousands digit of 225390?
5
What is the units digit of 798236?
6
What is the ten thousands digit of 1834420?
3
What is the hundreds digit of 125474?
4
What is the thousands digit of 298321?
8
What is the units digit of 3498295?
5
What is the units digit of 718574?
4
What is the units digit of 845849?
9
What is the ten thousands digit of 2599982?
9
What is the thousands digit of 6407726?
7
What is the thousands digit of 548538?
8
What is the hundreds digit of 181719?
7
What is the ten millions digit of 18365772?
1
What is the tens digit of 17194067?
6
What is the hundreds digit of 1200667?
6
What is the units digit of 6657417?
7
What is the units digit of 11508211?
1
What is the ten thousands digit of 8652710?
5
What is the units digit of 625621?
1
What is the hundreds digit of 3919193?
1
What is the tens digit of 466926?
2
What is the units digit of 2358149?
9
What is the hundred thousands digit of 487368?
4
What is the millions digit of 2449678?
2
What is the thousands digit of 5353261?
3
What is the tens digit of 3742543?
4
What is the millions digit of 8230728?
8
What is the thousands digit of 4868836?
8
What is the hundred thousands digit of 106755?
1
What is the hundred thousands digit of 882437?
8
What is the thousands digit of 1738177?
8
What is the tens digit of 54259?
5
What is the tens digit of 24245198?
9
What is the ten thousands digit of 183105?
8
What is the tens digit of 431399?
9
What is the hundreds digit of 2186567?
5
What is the hundreds digit of 80228?
2
What is the ten thousands digit of 1148672?
4
What is the hundreds digit of 2948398?
3
What is the hundred thousands digit of 164567?
1
What is the hundred thousands digit of 3023750?
0
What is the thousands digit of 7894801?
4
What is the ten thousands digit of 79226?
7
What is the hundreds digit of 973044?
0
What is the hundreds digit of 3783622?
6
What is the tens digit of 3933781?
8
What is the units digit of 878920?
0
What is the tens digit of 975440?
4
What is the hundreds digit of 997965?
9
What is the thousands digit of 240698?
0
What is the hundreds digit of 3209112?
1
What is the hundreds digit of 239418?
4
What is the tens digit of 15236168?
6
What is the units digit of 2942345?
5
What is the hundreds digit of 1417147?
1
What is the hundreds digit of 1860939?
9
What is the hundred thousands digit of 1473626?
4
What is the hundred thousands digit of 313083?
3
What is the units digit of 655522?
2
What is the hundreds digit of 8800660?
6
What is the units digit of 8392900?
0
What is the hundred thousands digit of 21761272?
7
What is the hundreds digit of 130930?
9
What is the hundreds digit of 419471?
4
What is the hundreds digit of 19779?
7
What is the ten thousands digit of 247144?
4
What is the tens digit of 6197449?
4
What is the thousands digit of 288946?
8
What is the hundreds digit of 2171?
1
What is the tens digit of 5429714?
1
What is the ten thousands digit of 11956802?
5
What is the thousands digit of 1636521?
6
What is the hundreds digit of 7994766?
7
What is the millions digit of 6060089?
6
What is the units digit of 22746139?
9
What is the units digit of 388733?
3
What is the hundreds digit of 1935480?
4
What is the ten thousands digit of 3037759?
3
What is the tens digit of 789075?
7
What is the hundreds digit of 658716?
7
What is the ten thousands digit of 113754?
1
What is the millions digit of 7277498?
7
What is the units digit of 466150?
0
What is the hundreds digit of 387402?
4
What is the tens digit of 85092?
9
What is the ten thousands digit of 3238634?
3
What is the thousands digit of 941376?
1
What is the thousands digit of 33024167?
4
What is the units digit of 15715042?
2
What is the thousands digit of 1960633?
0
What is the hundreds digit of 394481?
4
What is the ten thousands digit of 21955?
2
What is the units digit of 269086?
6
What is the thousands digit of 31480?
1
What is the units digit of 145359?
9
What is the ten thousands digit of 16390428?
9
What is the hundred thousands digit of 1332360?
3
What is the units digit of 536268?
8
What is the ten thousands digit of 142758?
4
What is the hundreds digit of 617552?
5
What is the thousands digit of 13795486?
5
What is the millions digit of 6992317?
6
What is the units digit of 7538468?
8
What is the units digit of 91160?
0
What is the hundred thousands digit of 1582809?
5
What is the ten thousands digit of 3575703?
7
What is the units digit of 606839?
9
What is the units digit of 11803128?
8
What is the ten thousands digit of 1879283?
7
What is the ten thousands digit of 4430281?
3
What is the hundreds digit of 8960187?
1
What is the hundreds digit of 394952?
9
What is the units digit of 641471?
1
What is the units digit of 400169?
9
What i